{"id":10249,"date":"2020-06-09T16:46:52","date_gmt":"2020-06-09T14:46:52","guid":{"rendered":"https:\/\/inter-antiquariaat.nl\/?post_type=product&#038;p=10249"},"modified":"2020-08-28T13:04:21","modified_gmt":"2020-08-28T11:04:21","slug":"twaalf-maanden-18e-eeuw","status":"publish","type":"product","link":"https:\/\/inter-antiquariaat.nl\/nl-oud\/antiek\/diversen\/diversen-voor-1880\/twaalf-maanden-18e-eeuw\/","title":{"rendered":"Twaalf maanden &#8211; Johann Sebastian M\u00fcller, v\u00f3\u00f3r 1744"},"content":{"rendered":"<p><strong>DE TWAALF MAANDEN<\/strong><\/p>\n<p>12 kopergravures op 3 bladen vervaardigd door <a href=\"https:\/\/nl.wikipedia.org\/wiki\/Johann_Sebastian_M%C3%BCller\" target=\"_blank\" rel=\"noopener noreferrer\"><strong>Johann Sebastian M\u00fcller<\/strong><\/a> (1715 &#8211; ca. 1792), uitgegeven <strong>v\u00f3\u00f3r 1744<\/strong> door Johann Cristian Schmidhammer te Neurenberg. Later met de hand gekleurd. Afm. elk 6,3 x 9 cm (13 x 19 cm op een blad).<\/p>\n<p>Op deze voorstellingen zien we de maanden afgebeeld met de activiteiten zoals die op dat moment in het jaar plaatsvonden.<\/p>\n<p>In januari is het koud, er ligt sneeuw en ijs, maar een ketel met vuur verwarmt en er wordt geschaatst. In februari is het carnaval en begint de vastentijd. In maart wordt bomen gesnoeid en begint de lente. In april wordt er geploegd, gezaaid en om liefde gesmacht. In mei is het aangenaam verpozen en staan de tuinen in bloei. In de zomermaand juni worden de schapen geschoren. In juli is het tijd om te hooien, om het vee te voeden in wintertijd. In hittemaand augustus is het tijd voor de oogst. In herfstmaand september wordt het fruit geplukt en vogels gevangen. Oktober is de maand waarin de nieuwe wijn gereed is. In november is het tijd voor de jacht. In december worden dieren geslacht voor de winter.<\/p>\n<p>Ook de tekens van de <a href=\"https:\/\/nl.wikipedia.org\/wiki\/Dierenriem\" target=\"_blank\" rel=\"noopener noreferrer\">dierenriem<\/a> zijn als kleine versieringen aan de voorstellingen van de maanden toegevoegd.<\/p>\n<p>Prijs: Euro 1.450,- (incl. 3 lijsten)<\/p>\n","protected":false},"excerpt":{"rendered":"<p>DE TWAALF MAANDEN 12 kopergravures op 3 bladen vervaardigd door Johann Sebastian M\u00fcller (1715 &#8211; ca. 1792), uitgegeven v\u00f3\u00f3r 1744 door Johann Cristian Schmidhammer te Neurenberg. Later met de hand gekleurd. Afm. elk 6,3 x 9 cm (13 x 19 cm op een blad). Op deze voorstellingen zien we de maanden afgebeeld met de activiteiten [&#8230;]\n","protected":false},"featured_media":10250,"comment_status":"closed","ping_status":"closed","template":"","meta":[],"product_brand":[],"product_cat":[798,797],"product_tag":[],"class_list":{"0":"post-10249","1":"product","2":"type-product","3":"status-publish","4":"has-post-thumbnail","6":"product_cat-diversen-voor-1880","7":"product_cat-diversen","9":"first","10":"instock","11":"shipping-taxable","12":"product-type-simple"},"yoast_head":"<!-- This site is optimized with the Yoast SEO plugin v27.5 - https:\/\/yoast.com\/product\/yoast-seo-wordpress\/ -->\n<title>oude prenten twaalf maanden originele gravures 18e-eeuw geschiedenis<\/title>\n<meta name=\"description\" content=\"oude voorstellingen van twaalf maanden antieke prenten originele gravures 18e-eeuw geschiedenis\" \/>\n<meta name=\"robots\" content=\"noindex, follow, max-snippet:-1, max-image-preview:large, max-video-preview:-1\" \/>\n<meta property=\"og:locale\" content=\"nl_NL\" \/>\n<meta property=\"og:type\" content=\"article\" \/>\n<meta property=\"og:title\" content=\"oude prenten twaalf maanden originele gravures 18e-eeuw geschiedenis\" \/>\n<meta property=\"og:description\" content=\"oude voorstellingen van twaalf maanden antieke prenten originele gravures 18e-eeuw geschiedenis\" \/>\n<meta property=\"og:url\" content=\"https:\/\/inter-antiquariaat.nl\/nl-oud\/antiek\/diversen\/diversen-voor-1880\/twaalf-maanden-18e-eeuw\/\" \/>\n<meta property=\"og:site_name\" content=\"Inter Antiquariaat Mefferdt &amp; De Jonge\" \/>\n<meta property=\"article:modified_time\" content=\"2020-08-28T11:04:21+00:00\" \/>\n<meta property=\"og:image\" content=\"https:\/\/inter-antiquariaat.nl\/wp-content\/uploads\/sites\/1\/Twaalf-Maanden-compleet-Johann-Sebastian-Muller-ca.-1750-scaled.jpg\" \/>\n\t<meta property=\"og:image:width\" content=\"1216\" \/>\n\t<meta property=\"og:image:height\" content=\"2560\" \/>\n\t<meta property=\"og:image:type\" content=\"image\/jpeg\" \/>\n<meta name=\"twitter:card\" content=\"summary_large_image\" \/>\n<meta name=\"twitter:label1\" content=\"Geschatte leestijd\" \/>\n\t<meta name=\"twitter:data1\" content=\"1 minuut\" \/>\n<script type=\"application\/ld+json\" class=\"yoast-schema-graph\">{\"@context\":\"https:\\\/\\\/schema.org\",\"@graph\":[{\"@type\":\"WebPage\",\"@id\":\"https:\\\/\\\/inter-antiquariaat.nl\\\/nl-oud\\\/antiek\\\/diversen\\\/diversen-voor-1880\\\/twaalf-maanden-18e-eeuw\\\/\",\"url\":\"https:\\\/\\\/inter-antiquariaat.nl\\\/nl-oud\\\/antiek\\\/diversen\\\/diversen-voor-1880\\\/twaalf-maanden-18e-eeuw\\\/\",\"name\":\"oude prenten twaalf maanden originele gravures 18e-eeuw geschiedenis\",\"isPartOf\":{\"@id\":\"https:\\\/\\\/inter-antiquariaat.nl\\\/nl-oud\\\/#website\"},\"primaryImageOfPage\":{\"@id\":\"https:\\\/\\\/inter-antiquariaat.nl\\\/nl-oud\\\/antiek\\\/diversen\\\/diversen-voor-1880\\\/twaalf-maanden-18e-eeuw\\\/#primaryimage\"},\"image\":{\"@id\":\"https:\\\/\\\/inter-antiquariaat.nl\\\/nl-oud\\\/antiek\\\/diversen\\\/diversen-voor-1880\\\/twaalf-maanden-18e-eeuw\\\/#primaryimage\"},\"thumbnailUrl\":\"https:\\\/\\\/inter-antiquariaat.nl\\\/wp-content\\\/uploads\\\/sites\\\/1\\\/Twaalf-Maanden-compleet-Johann-Sebastian-Muller-ca.-1750-scaled.jpg\",\"datePublished\":\"2020-06-09T14:46:52+00:00\",\"dateModified\":\"2020-08-28T11:04:21+00:00\",\"description\":\"oude voorstellingen van twaalf maanden antieke prenten originele gravures 18e-eeuw geschiedenis\",\"breadcrumb\":{\"@id\":\"https:\\\/\\\/inter-antiquariaat.nl\\\/nl-oud\\\/antiek\\\/diversen\\\/diversen-voor-1880\\\/twaalf-maanden-18e-eeuw\\\/#breadcrumb\"},\"inLanguage\":\"nl-NL\",\"potentialAction\":[{\"@type\":\"ReadAction\",\"target\":[\"https:\\\/\\\/inter-antiquariaat.nl\\\/nl-oud\\\/antiek\\\/diversen\\\/diversen-voor-1880\\\/twaalf-maanden-18e-eeuw\\\/\"]}]},{\"@type\":\"ImageObject\",\"inLanguage\":\"nl-NL\",\"@id\":\"https:\\\/\\\/inter-antiquariaat.nl\\\/nl-oud\\\/antiek\\\/diversen\\\/diversen-voor-1880\\\/twaalf-maanden-18e-eeuw\\\/#primaryimage\",\"url\":\"https:\\\/\\\/inter-antiquariaat.nl\\\/wp-content\\\/uploads\\\/sites\\\/1\\\/Twaalf-Maanden-compleet-Johann-Sebastian-Muller-ca.-1750-scaled.jpg\",\"contentUrl\":\"https:\\\/\\\/inter-antiquariaat.nl\\\/wp-content\\\/uploads\\\/sites\\\/1\\\/Twaalf-Maanden-compleet-Johann-Sebastian-Muller-ca.-1750-scaled.jpg\",\"width\":1216,\"height\":2560,\"caption\":\"oude gravures twaalf maanden\"},{\"@type\":\"BreadcrumbList\",\"@id\":\"https:\\\/\\\/inter-antiquariaat.nl\\\/nl-oud\\\/antiek\\\/diversen\\\/diversen-voor-1880\\\/twaalf-maanden-18e-eeuw\\\/#breadcrumb\",\"itemListElement\":[{\"@type\":\"ListItem\",\"position\":1,\"name\":\"Home\",\"item\":\"https:\\\/\\\/inter-antiquariaat.nl\\\/nl-oud\\\/\"},{\"@type\":\"ListItem\",\"position\":2,\"name\":\"Antieke kaarten, prenten en tekeningen\",\"item\":\"https:\\\/\\\/inter-antiquariaat.nl\\\/nl-oud\\\/antiek\\\/\"},{\"@type\":\"ListItem\",\"position\":3,\"name\":\"Twaalf maanden &#8211; Johann Sebastian M\u00fcller, v\u00f3\u00f3r 1744\"}]},{\"@type\":\"WebSite\",\"@id\":\"https:\\\/\\\/inter-antiquariaat.nl\\\/nl-oud\\\/#website\",\"url\":\"https:\\\/\\\/inter-antiquariaat.nl\\\/nl-oud\\\/\",\"name\":\"Inter Antiquariaat Mefferdt &amp; De Jonge\",\"description\":\"Antieke kaarten, prenten en tekeningen\",\"potentialAction\":[{\"@type\":\"SearchAction\",\"target\":{\"@type\":\"EntryPoint\",\"urlTemplate\":\"https:\\\/\\\/inter-antiquariaat.nl\\\/nl-oud\\\/?s={search_term_string}\"},\"query-input\":{\"@type\":\"PropertyValueSpecification\",\"valueRequired\":true,\"valueName\":\"search_term_string\"}}],\"inLanguage\":\"nl-NL\"}]}<\/script>\n<!-- \/ Yoast SEO plugin. -->","yoast_head_json":{"title":"oude prenten twaalf maanden originele gravures 18e-eeuw geschiedenis","description":"oude voorstellingen van twaalf maanden antieke prenten originele gravures 18e-eeuw geschiedenis","robots":{"index":"noindex","follow":"follow","max-snippet":"max-snippet:-1","max-image-preview":"max-image-preview:large","max-video-preview":"max-video-preview:-1"},"og_locale":"nl_NL","og_type":"article","og_title":"oude prenten twaalf maanden originele gravures 18e-eeuw geschiedenis","og_description":"oude voorstellingen van twaalf maanden antieke prenten originele gravures 18e-eeuw geschiedenis","og_url":"https:\/\/inter-antiquariaat.nl\/nl-oud\/antiek\/diversen\/diversen-voor-1880\/twaalf-maanden-18e-eeuw\/","og_site_name":"Inter Antiquariaat Mefferdt &amp; De Jonge","article_modified_time":"2020-08-28T11:04:21+00:00","og_image":[{"width":1216,"height":2560,"url":"https:\/\/inter-antiquariaat.nl\/wp-content\/uploads\/sites\/1\/Twaalf-Maanden-compleet-Johann-Sebastian-Muller-ca.-1750-scaled.jpg","type":"image\/jpeg"}],"twitter_card":"summary_large_image","twitter_misc":{"Geschatte leestijd":"1 minuut"},"schema":{"@context":"https:\/\/schema.org","@graph":[{"@type":"WebPage","@id":"https:\/\/inter-antiquariaat.nl\/nl-oud\/antiek\/diversen\/diversen-voor-1880\/twaalf-maanden-18e-eeuw\/","url":"https:\/\/inter-antiquariaat.nl\/nl-oud\/antiek\/diversen\/diversen-voor-1880\/twaalf-maanden-18e-eeuw\/","name":"oude prenten twaalf maanden originele gravures 18e-eeuw geschiedenis","isPartOf":{"@id":"https:\/\/inter-antiquariaat.nl\/nl-oud\/#website"},"primaryImageOfPage":{"@id":"https:\/\/inter-antiquariaat.nl\/nl-oud\/antiek\/diversen\/diversen-voor-1880\/twaalf-maanden-18e-eeuw\/#primaryimage"},"image":{"@id":"https:\/\/inter-antiquariaat.nl\/nl-oud\/antiek\/diversen\/diversen-voor-1880\/twaalf-maanden-18e-eeuw\/#primaryimage"},"thumbnailUrl":"https:\/\/inter-antiquariaat.nl\/wp-content\/uploads\/sites\/1\/Twaalf-Maanden-compleet-Johann-Sebastian-Muller-ca.-1750-scaled.jpg","datePublished":"2020-06-09T14:46:52+00:00","dateModified":"2020-08-28T11:04:21+00:00","description":"oude voorstellingen van twaalf maanden antieke prenten originele gravures 18e-eeuw geschiedenis","breadcrumb":{"@id":"https:\/\/inter-antiquariaat.nl\/nl-oud\/antiek\/diversen\/diversen-voor-1880\/twaalf-maanden-18e-eeuw\/#breadcrumb"},"inLanguage":"nl-NL","potentialAction":[{"@type":"ReadAction","target":["https:\/\/inter-antiquariaat.nl\/nl-oud\/antiek\/diversen\/diversen-voor-1880\/twaalf-maanden-18e-eeuw\/"]}]},{"@type":"ImageObject","inLanguage":"nl-NL","@id":"https:\/\/inter-antiquariaat.nl\/nl-oud\/antiek\/diversen\/diversen-voor-1880\/twaalf-maanden-18e-eeuw\/#primaryimage","url":"https:\/\/inter-antiquariaat.nl\/wp-content\/uploads\/sites\/1\/Twaalf-Maanden-compleet-Johann-Sebastian-Muller-ca.-1750-scaled.jpg","contentUrl":"https:\/\/inter-antiquariaat.nl\/wp-content\/uploads\/sites\/1\/Twaalf-Maanden-compleet-Johann-Sebastian-Muller-ca.-1750-scaled.jpg","width":1216,"height":2560,"caption":"oude gravures twaalf maanden"},{"@type":"BreadcrumbList","@id":"https:\/\/inter-antiquariaat.nl\/nl-oud\/antiek\/diversen\/diversen-voor-1880\/twaalf-maanden-18e-eeuw\/#breadcrumb","itemListElement":[{"@type":"ListItem","position":1,"name":"Home","item":"https:\/\/inter-antiquariaat.nl\/nl-oud\/"},{"@type":"ListItem","position":2,"name":"Antieke kaarten, prenten en tekeningen","item":"https:\/\/inter-antiquariaat.nl\/nl-oud\/antiek\/"},{"@type":"ListItem","position":3,"name":"Twaalf maanden &#8211; Johann Sebastian M\u00fcller, v\u00f3\u00f3r 1744"}]},{"@type":"WebSite","@id":"https:\/\/inter-antiquariaat.nl\/nl-oud\/#website","url":"https:\/\/inter-antiquariaat.nl\/nl-oud\/","name":"Inter Antiquariaat Mefferdt &amp; De Jonge","description":"Antieke kaarten, prenten en tekeningen","potentialAction":[{"@type":"SearchAction","target":{"@type":"EntryPoint","urlTemplate":"https:\/\/inter-antiquariaat.nl\/nl-oud\/?s={search_term_string}"},"query-input":{"@type":"PropertyValueSpecification","valueRequired":true,"valueName":"search_term_string"}}],"inLanguage":"nl-NL"}]}},"_links":{"self":[{"href":"https:\/\/inter-antiquariaat.nl\/nl-oud\/wp-json\/wp\/v2\/product\/10249","targetHints":{"allow":["GET"]}}],"collection":[{"href":"https:\/\/inter-antiquariaat.nl\/nl-oud\/wp-json\/wp\/v2\/product"}],"about":[{"href":"https:\/\/inter-antiquariaat.nl\/nl-oud\/wp-json\/wp\/v2\/types\/product"}],"replies":[{"embeddable":true,"href":"https:\/\/inter-antiquariaat.nl\/nl-oud\/wp-json\/wp\/v2\/comments?post=10249"}],"wp:featuredmedia":[{"embeddable":true,"href":"https:\/\/inter-antiquariaat.nl\/nl-oud\/wp-json\/wp\/v2\/media\/10250"}],"wp:attachment":[{"href":"https:\/\/inter-antiquariaat.nl\/nl-oud\/wp-json\/wp\/v2\/media?parent=10249"}],"wp:term":[{"taxonomy":"product_brand","embeddable":true,"href":"https:\/\/inter-antiquariaat.nl\/nl-oud\/wp-json\/wp\/v2\/product_brand?post=10249"},{"taxonomy":"product_cat","embeddable":true,"href":"https:\/\/inter-antiquariaat.nl\/nl-oud\/wp-json\/wp\/v2\/product_cat?post=10249"},{"taxonomy":"product_tag","embeddable":true,"href":"https:\/\/inter-antiquariaat.nl\/nl-oud\/wp-json\/wp\/v2\/product_tag?post=10249"}],"curies":[{"name":"wp","href":"https:\/\/api.w.org\/{rel}","templated":true}]}}

Twaalf maanden &#8211; Johann Sebastian Müller, vóór 1744

<p><strong>DE TWAALF MAANDEN</strong></p>
<p>12 kopergravures op 3 bladen vervaardigd door <a href="https://nl.wikipedia.org/wiki/Johann_Sebastian_M%C3%BCller" target="_blank" rel="noopener noreferrer"><strong>Johann Sebastian Müller</strong></a> (1715 &#8211; ca. 1792), uitgegeven <strong>vóór 1744</strong> door Johann Cristian Schmidhammer te Neurenberg. Later met de hand gekleurd. Afm. elk 6,3 x 9 cm (13 x 19 cm op een blad).</p>
<p>Op deze voorstellingen zien we de maanden afgebeeld met de activiteiten zoals die op dat moment in het jaar plaatsvonden.</p>
<p>In januari is het koud, er ligt sneeuw en ijs, maar een ketel met vuur verwarmt en er wordt geschaatst. In februari is het carnaval en begint de vastentijd. In maart wordt bomen gesnoeid en begint de lente. In april wordt er geploegd, gezaaid en om liefde gesmacht. In mei is het aangenaam verpozen en staan de tuinen in bloei. In de zomermaand juni worden de schapen geschoren. In juli is het tijd om te hooien, om het vee te voeden in wintertijd. In hittemaand augustus is het tijd voor de oogst. In herfstmaand september wordt het fruit geplukt en vogels gevangen. Oktober is de maand waarin de nieuwe wijn gereed is. In november is het tijd voor de jacht. In december worden dieren geslacht voor de winter.</p>
<p>Ook de tekens van de <a href="https://nl.wikipedia.org/wiki/Dierenriem" target="_blank" rel="noopener noreferrer">dierenriem</a> zijn als kleine versieringen aan de voorstellingen van de maanden toegevoegd.</p>
<p>Prijs: Euro 1.450,- (incl. 3 lijsten)</p>

<p>DE TWAALF MAANDEN 12 kopergravures op 3 bladen vervaardigd door Johann Sebastian Müller (1715 &#8211; ca. 1792), uitgegeven vóór 1744 door Johann Cristian Schmidhammer te Neurenberg. Later met de hand gekleurd. Afm. elk 6,3 x 9 cm (13 x 19 cm op een blad). Op deze voorstellingen zien we de maanden afgebeeld met de activiteiten [&#8230;]

<!-- This site is optimized with the Yoast SEO plugin v27.5 - https://yoast.com/product/yoast-seo-wordpress/ -->
<title>oude prenten twaalf maanden originele gravures 18e-eeuw geschiedenis</title>
<meta name="description" content="oude voorstellingen van twaalf maanden antieke prenten originele gravures 18e-eeuw geschiedenis" />
<meta name="robots" content="noindex, follow, max-snippet:-1, max-image-preview:large, max-video-preview:-1" />
<meta property="og:locale" content="nl_NL" />
<meta property="og:type" content="article" />
<meta property="og:title" content="oude prenten twaalf maanden originele gravures 18e-eeuw geschiedenis" />
<meta property="og:description" content="oude voorstellingen van twaalf maanden antieke prenten originele gravures 18e-eeuw geschiedenis" />
<meta property="og:url" content="https://inter-antiquariaat.nl/nl-oud/antiek/diversen/diversen-voor-1880/twaalf-maanden-18e-eeuw/" />
<meta property="og:site_name" content="Inter Antiquariaat Mefferdt &amp; De Jonge" />
<meta property="article:modified_time" content="2020-08-28T11:04:21+00:00" />
<meta property="og:image" content="https://inter-antiquariaat.nl/wp-content/uploads/sites/1/Twaalf-Maanden-compleet-Johann-Sebastian-Muller-ca.-1750-scaled.jpg" />
	<meta property="og:image:width" content="1216" />
	<meta property="og:image:height" content="2560" />
	<meta property="og:image:type" content="image/jpeg" />
<meta name="twitter:card" content="summary_large_image" />
<meta name="twitter:label1" content="Geschatte leestijd" />
	<meta name="twitter:data1" content="1 minuut" />
<script type="application/ld+json" class="yoast-schema-graph">{"@context":"https:\/\/schema.org","@graph":[{"@type":"WebPage","@id":"https:\/\/inter-antiquariaat.nl\/nl-oud\/antiek\/diversen\/diversen-voor-1880\/twaalf-maanden-18e-eeuw\/","url":"https:\/\/inter-antiquariaat.nl\/nl-oud\/antiek\/diversen\/diversen-voor-1880\/twaalf-maanden-18e-eeuw\/","name":"oude prenten twaalf maanden originele gravures 18e-eeuw geschiedenis","isPartOf":{"@id":"https:\/\/inter-antiquariaat.nl\/nl-oud\/#website"},"primaryImageOfPage":{"@id":"https:\/\/inter-antiquariaat.nl\/nl-oud\/antiek\/diversen\/diversen-voor-1880\/twaalf-maanden-18e-eeuw\/#primaryimage"},"image":{"@id":"https:\/\/inter-antiquariaat.nl\/nl-oud\/antiek\/diversen\/diversen-voor-1880\/twaalf-maanden-18e-eeuw\/#primaryimage"},"thumbnailUrl":"https:\/\/inter-antiquariaat.nl\/wp-content\/uploads\/sites\/1\/Twaalf-Maanden-compleet-Johann-Sebastian-Muller-ca.-1750-scaled.jpg","datePublished":"2020-06-09T14:46:52+00:00","dateModified":"2020-08-28T11:04:21+00:00","description":"oude voorstellingen van twaalf maanden antieke prenten originele gravures 18e-eeuw geschiedenis","breadcrumb":{"@id":"https:\/\/inter-antiquariaat.nl\/nl-oud\/antiek\/diversen\/diversen-voor-1880\/twaalf-maanden-18e-eeuw\/#breadcrumb"},"inLanguage":"nl-NL","potentialAction":[{"@type":"ReadAction","target":["https:\/\/inter-antiquariaat.nl\/nl-oud\/antiek\/diversen\/diversen-voor-1880\/twaalf-maanden-18e-eeuw\/"]}]},{"@type":"ImageObject","inLanguage":"nl-NL","@id":"https:\/\/inter-antiquariaat.nl\/nl-oud\/antiek\/diversen\/diversen-voor-1880\/twaalf-maanden-18e-eeuw\/#primaryimage","url":"https:\/\/inter-antiquariaat.nl\/wp-content\/uploads\/sites\/1\/Twaalf-Maanden-compleet-Johann-Sebastian-Muller-ca.-1750-scaled.jpg","contentUrl":"https:\/\/inter-antiquariaat.nl\/wp-content\/uploads\/sites\/1\/Twaalf-Maanden-compleet-Johann-Sebastian-Muller-ca.-1750-scaled.jpg","width":1216,"height":2560,"caption":"oude gravures twaalf maanden"},{"@type":"BreadcrumbList","@id":"https:\/\/inter-antiquariaat.nl\/nl-oud\/antiek\/diversen\/diversen-voor-1880\/twaalf-maanden-18e-eeuw\/#breadcrumb","itemListElement":[{"@type":"ListItem","position":1,"name":"Home","item":"https:\/\/inter-antiquariaat.nl\/nl-oud\/"},{"@type":"ListItem","position":2,"name":"Antieke kaarten, prenten en tekeningen","item":"https:\/\/inter-antiquariaat.nl\/nl-oud\/antiek\/"},{"@type":"ListItem","position":3,"name":"Twaalf maanden &#8211; Johann Sebastian Müller, vóór 1744"}]},{"@type":"WebSite","@id":"https:\/\/inter-antiquariaat.nl\/nl-oud\/#website","url":"https:\/\/inter-antiquariaat.nl\/nl-oud\/","name":"Inter Antiquariaat Mefferdt &amp; De Jonge","description":"Antieke kaarten, prenten en tekeningen","potentialAction":[{"@type":"SearchAction","target":{"@type":"EntryPoint","urlTemplate":"https:\/\/inter-antiquariaat.nl\/nl-oud\/?s={search_term_string}"},"query-input":{"@type":"PropertyValueSpecification","valueRequired":true,"valueName":"search_term_string"}}],"inLanguage":"nl-NL"}]}</script>
<!-- / Yoast SEO plugin. -->
