{"id":16448,"date":"2025-02-27T11:42:22","date_gmt":"2025-02-27T10:42:22","guid":{"rendered":"https:\/\/inter-antiquariaat.nl\/nl-oud\/antiek\/niet-gecategoriseerd\/tulp-la-flamande-pierre-joseph-buchoz-1781-1797\/"},"modified":"2025-02-27T11:45:21","modified_gmt":"2025-02-27T10:45:21","slug":"tulp-la-flamande-pierre-joseph-buchoz-1781-1797","status":"publish","type":"product","link":"https:\/\/inter-antiquariaat.nl\/nl-oud\/antiek\/niet-gecategoriseerd\/tulp-la-flamande-pierre-joseph-buchoz-1781-1797\/","title":{"rendered":"Tulp &#8211; Pierre Joseph Buch\u2019oz, 1781-1797"},"content":{"rendered":"<p><strong>Tulp &#8211; &#8220;La Flamande&#8221; <\/strong>(plaat X), kopergravure vervaardigd door <strong>Pierre Joseph Buch\u2019oz<\/strong> voor diens &#8220;<em>Collection colori\u00e9e des plus belles vari\u00e9t\u00e9s de Tulipes qu&#8217;on cultive dans les Jardins des Fleuristes d\u2019Harlem<\/em>&#8221; [Gekleurde collectie van de mooiste vari\u00ebteiten tulpen die worden gekweekt in de tuinen van bloemisten te Haarlem], uitgegeven tussen <strong>1781-1797<\/strong>. In de tijd met de hand gekleurd. Afm. (plaatafdruk): 33 x 20.5 cm (lijst: 46,5 x 34 cm).<\/p>\n<p>In de tweede helft van de achttiende eeuw kende Frankrijk een bloei van publicaties over natuurlijke historie. Na de troonsbestijging van <a href=\"https:\/\/nl.wikipedia.org\/wiki\/Lodewijk_XVI_van_Frankrijk\" target=\"_blank\" rel=\"noopener\">Lodewijk XVI<\/a> in 1774 werd de regelgeving rond de handel in boeken versoepeld, waardoor het voor auteurs gemakkelijker werd om hun eigen werk uit te geven. Dat deed ook <a href=\"https:\/\/en.wikipedia.org\/wiki\/Pierre-Joseph_Buc%27hoz\" target=\"_blank\" rel=\"noopener\">Pierre-Joseph Buch\u2019oz<\/a> (1731-1807), een Franse arts, jurist en natuuronderzoeker. (We zien zijn kennis van de botanie, maar hij had ook interesse in de behandeling van melancholie en adviseerde daarvoor muziek als therapie.)<\/p>\n<p>De werken van Buch&#8217;oz staan bekend om de fraaie illustraties en zijn zeldzaam vanwege de beperkte oplage. De platen werden in afleveringen uitgegeven en werden soms tot een boek samengebonden.<\/p>\n<p>Prijs: Euro 950,- (incl. lijst)<\/p>\n","protected":false},"excerpt":{"rendered":"<p>Tulp &#8211; &#8220;La Flamande&#8221; (plaat X), kopergravure vervaardigd door Pierre Joseph Buch\u2019oz voor diens &#8220;Collection colori\u00e9e des plus belles vari\u00e9t\u00e9s de Tulipes qu&#8217;on cultive dans les Jardins des Fleuristes d\u2019Harlem&#8221; [Gekleurde collectie van de mooiste vari\u00ebteiten tulpen die worden gekweekt in de tuinen van bloemisten te Haarlem], uitgegeven tussen 1781-1797. In de tijd met de [&#8230;]\n","protected":false},"featured_media":0,"comment_status":"closed","ping_status":"closed","template":"","meta":[],"product_brand":[],"product_cat":[],"product_tag":[],"class_list":{"0":"post-16448","1":"product","2":"type-product","3":"status-publish","6":"first","7":"instock","8":"shipping-taxable","9":"product-type-simple"},"yoast_head":"<!-- This site is optimized with the Yoast SEO plugin v27.5 - https:\/\/yoast.com\/product\/yoast-seo-wordpress\/ -->\n<title>Tulp - Pierre Joseph Buch\u2019oz, 1781-1797 - Inter Antiquariaat Mefferdt &amp; De Jonge<\/title>\n<meta name=\"robots\" content=\"noindex, follow, max-snippet:-1, max-image-preview:large, max-video-preview:-1\" \/>\n<meta property=\"og:locale\" content=\"nl_NL\" \/>\n<meta property=\"og:type\" content=\"article\" \/>\n<meta property=\"og:title\" content=\"Tulp - Pierre Joseph Buch\u2019oz, 1781-1797 - Inter Antiquariaat Mefferdt &amp; De Jonge\" \/>\n<meta property=\"og:description\" content=\"Tulp &#8211; &#8220;La Flamande&#8221; (plaat X), kopergravure vervaardigd door Pierre Joseph Buch\u2019oz voor diens &#8220;Collection colori\u00e9e des plus belles vari\u00e9t\u00e9s de Tulipes qu&#8217;on cultive dans les Jardins des Fleuristes d\u2019Harlem&#8221; [Gekleurde collectie van de mooiste vari\u00ebteiten tulpen die worden gekweekt in de tuinen van bloemisten te Haarlem], uitgegeven tussen 1781-1797. In de tijd met de [...]\" \/>\n<meta property=\"og:url\" content=\"https:\/\/inter-antiquariaat.nl\/nl-oud\/antiek\/niet-gecategoriseerd\/tulp-la-flamande-pierre-joseph-buchoz-1781-1797\/\" \/>\n<meta property=\"og:site_name\" content=\"Inter Antiquariaat Mefferdt &amp; De Jonge\" \/>\n<meta property=\"article:modified_time\" content=\"2025-02-27T10:45:21+00:00\" \/>\n<meta name=\"twitter:card\" content=\"summary_large_image\" \/>\n<meta name=\"twitter:label1\" content=\"Geschatte leestijd\" \/>\n\t<meta name=\"twitter:data1\" content=\"1 minuut\" \/>\n<script type=\"application\/ld+json\" class=\"yoast-schema-graph\">{\"@context\":\"https:\\\/\\\/schema.org\",\"@graph\":[{\"@type\":\"WebPage\",\"@id\":\"https:\\\/\\\/inter-antiquariaat.nl\\\/nl-oud\\\/antiek\\\/niet-gecategoriseerd\\\/tulp-la-flamande-pierre-joseph-buchoz-1781-1797\\\/\",\"url\":\"https:\\\/\\\/inter-antiquariaat.nl\\\/nl-oud\\\/antiek\\\/niet-gecategoriseerd\\\/tulp-la-flamande-pierre-joseph-buchoz-1781-1797\\\/\",\"name\":\"Tulp - Pierre Joseph Buch\u2019oz, 1781-1797 - Inter Antiquariaat Mefferdt &amp; De Jonge\",\"isPartOf\":{\"@id\":\"https:\\\/\\\/inter-antiquariaat.nl\\\/nl-oud\\\/#website\"},\"datePublished\":\"2025-02-27T10:42:22+00:00\",\"dateModified\":\"2025-02-27T10:45:21+00:00\",\"breadcrumb\":{\"@id\":\"https:\\\/\\\/inter-antiquariaat.nl\\\/nl-oud\\\/antiek\\\/niet-gecategoriseerd\\\/tulp-la-flamande-pierre-joseph-buchoz-1781-1797\\\/#breadcrumb\"},\"inLanguage\":\"nl-NL\",\"potentialAction\":[{\"@type\":\"ReadAction\",\"target\":[\"https:\\\/\\\/inter-antiquariaat.nl\\\/nl-oud\\\/antiek\\\/niet-gecategoriseerd\\\/tulp-la-flamande-pierre-joseph-buchoz-1781-1797\\\/\"]}]},{\"@type\":\"BreadcrumbList\",\"@id\":\"https:\\\/\\\/inter-antiquariaat.nl\\\/nl-oud\\\/antiek\\\/niet-gecategoriseerd\\\/tulp-la-flamande-pierre-joseph-buchoz-1781-1797\\\/#breadcrumb\",\"itemListElement\":[{\"@type\":\"ListItem\",\"position\":1,\"name\":\"Home\",\"item\":\"https:\\\/\\\/inter-antiquariaat.nl\\\/nl-oud\\\/\"},{\"@type\":\"ListItem\",\"position\":2,\"name\":\"Antieke kaarten, prenten en tekeningen\",\"item\":\"https:\\\/\\\/inter-antiquariaat.nl\\\/nl-oud\\\/antiek\\\/\"},{\"@type\":\"ListItem\",\"position\":3,\"name\":\"Tulp &#8211; Pierre Joseph Buch\u2019oz, 1781-1797\"}]},{\"@type\":\"WebSite\",\"@id\":\"https:\\\/\\\/inter-antiquariaat.nl\\\/nl-oud\\\/#website\",\"url\":\"https:\\\/\\\/inter-antiquariaat.nl\\\/nl-oud\\\/\",\"name\":\"Inter Antiquariaat Mefferdt &amp; De Jonge\",\"description\":\"Antieke kaarten, prenten en tekeningen\",\"potentialAction\":[{\"@type\":\"SearchAction\",\"target\":{\"@type\":\"EntryPoint\",\"urlTemplate\":\"https:\\\/\\\/inter-antiquariaat.nl\\\/nl-oud\\\/?s={search_term_string}\"},\"query-input\":{\"@type\":\"PropertyValueSpecification\",\"valueRequired\":true,\"valueName\":\"search_term_string\"}}],\"inLanguage\":\"nl-NL\"}]}<\/script>\n<!-- \/ Yoast SEO plugin. -->","yoast_head_json":{"title":"Tulp - Pierre Joseph Buch\u2019oz, 1781-1797 - Inter Antiquariaat Mefferdt &amp; De Jonge","robots":{"index":"noindex","follow":"follow","max-snippet":"max-snippet:-1","max-image-preview":"max-image-preview:large","max-video-preview":"max-video-preview:-1"},"og_locale":"nl_NL","og_type":"article","og_title":"Tulp - Pierre Joseph Buch\u2019oz, 1781-1797 - Inter Antiquariaat Mefferdt &amp; De Jonge","og_description":"Tulp &#8211; &#8220;La Flamande&#8221; (plaat X), kopergravure vervaardigd door Pierre Joseph Buch\u2019oz voor diens &#8220;Collection colori\u00e9e des plus belles vari\u00e9t\u00e9s de Tulipes qu&#8217;on cultive dans les Jardins des Fleuristes d\u2019Harlem&#8221; [Gekleurde collectie van de mooiste vari\u00ebteiten tulpen die worden gekweekt in de tuinen van bloemisten te Haarlem], uitgegeven tussen 1781-1797. In de tijd met de [...]","og_url":"https:\/\/inter-antiquariaat.nl\/nl-oud\/antiek\/niet-gecategoriseerd\/tulp-la-flamande-pierre-joseph-buchoz-1781-1797\/","og_site_name":"Inter Antiquariaat Mefferdt &amp; De Jonge","article_modified_time":"2025-02-27T10:45:21+00:00","twitter_card":"summary_large_image","twitter_misc":{"Geschatte leestijd":"1 minuut"},"schema":{"@context":"https:\/\/schema.org","@graph":[{"@type":"WebPage","@id":"https:\/\/inter-antiquariaat.nl\/nl-oud\/antiek\/niet-gecategoriseerd\/tulp-la-flamande-pierre-joseph-buchoz-1781-1797\/","url":"https:\/\/inter-antiquariaat.nl\/nl-oud\/antiek\/niet-gecategoriseerd\/tulp-la-flamande-pierre-joseph-buchoz-1781-1797\/","name":"Tulp - Pierre Joseph Buch\u2019oz, 1781-1797 - Inter Antiquariaat Mefferdt &amp; De Jonge","isPartOf":{"@id":"https:\/\/inter-antiquariaat.nl\/nl-oud\/#website"},"datePublished":"2025-02-27T10:42:22+00:00","dateModified":"2025-02-27T10:45:21+00:00","breadcrumb":{"@id":"https:\/\/inter-antiquariaat.nl\/nl-oud\/antiek\/niet-gecategoriseerd\/tulp-la-flamande-pierre-joseph-buchoz-1781-1797\/#breadcrumb"},"inLanguage":"nl-NL","potentialAction":[{"@type":"ReadAction","target":["https:\/\/inter-antiquariaat.nl\/nl-oud\/antiek\/niet-gecategoriseerd\/tulp-la-flamande-pierre-joseph-buchoz-1781-1797\/"]}]},{"@type":"BreadcrumbList","@id":"https:\/\/inter-antiquariaat.nl\/nl-oud\/antiek\/niet-gecategoriseerd\/tulp-la-flamande-pierre-joseph-buchoz-1781-1797\/#breadcrumb","itemListElement":[{"@type":"ListItem","position":1,"name":"Home","item":"https:\/\/inter-antiquariaat.nl\/nl-oud\/"},{"@type":"ListItem","position":2,"name":"Antieke kaarten, prenten en tekeningen","item":"https:\/\/inter-antiquariaat.nl\/nl-oud\/antiek\/"},{"@type":"ListItem","position":3,"name":"Tulp &#8211; Pierre Joseph Buch\u2019oz, 1781-1797"}]},{"@type":"WebSite","@id":"https:\/\/inter-antiquariaat.nl\/nl-oud\/#website","url":"https:\/\/inter-antiquariaat.nl\/nl-oud\/","name":"Inter Antiquariaat Mefferdt &amp; De Jonge","description":"Antieke kaarten, prenten en tekeningen","potentialAction":[{"@type":"SearchAction","target":{"@type":"EntryPoint","urlTemplate":"https:\/\/inter-antiquariaat.nl\/nl-oud\/?s={search_term_string}"},"query-input":{"@type":"PropertyValueSpecification","valueRequired":true,"valueName":"search_term_string"}}],"inLanguage":"nl-NL"}]}},"_links":{"self":[{"href":"https:\/\/inter-antiquariaat.nl\/nl-oud\/wp-json\/wp\/v2\/product\/16448","targetHints":{"allow":["GET"]}}],"collection":[{"href":"https:\/\/inter-antiquariaat.nl\/nl-oud\/wp-json\/wp\/v2\/product"}],"about":[{"href":"https:\/\/inter-antiquariaat.nl\/nl-oud\/wp-json\/wp\/v2\/types\/product"}],"replies":[{"embeddable":true,"href":"https:\/\/inter-antiquariaat.nl\/nl-oud\/wp-json\/wp\/v2\/comments?post=16448"}],"wp:attachment":[{"href":"https:\/\/inter-antiquariaat.nl\/nl-oud\/wp-json\/wp\/v2\/media?parent=16448"}],"wp:term":[{"taxonomy":"product_brand","embeddable":true,"href":"https:\/\/inter-antiquariaat.nl\/nl-oud\/wp-json\/wp\/v2\/product_brand?post=16448"},{"taxonomy":"product_cat","embeddable":true,"href":"https:\/\/inter-antiquariaat.nl\/nl-oud\/wp-json\/wp\/v2\/product_cat?post=16448"},{"taxonomy":"product_tag","embeddable":true,"href":"https:\/\/inter-antiquariaat.nl\/nl-oud\/wp-json\/wp\/v2\/product_tag?post=16448"}],"curies":[{"name":"wp","href":"https:\/\/api.w.org\/{rel}","templated":true}]}}

<p><strong>Tulp &#8211; &#8220;La Flamande&#8221; </strong>(plaat X), kopergravure vervaardigd door <strong>Pierre Joseph Buch’oz</strong> voor diens &#8220;<em>Collection coloriée des plus belles variétés de Tulipes qu&#8217;on cultive dans les Jardins des Fleuristes d’Harlem</em>&#8221; [Gekleurde collectie van de mooiste variëteiten tulpen die worden gekweekt in de tuinen van bloemisten te Haarlem], uitgegeven tussen <strong>1781-1797</strong>. In de tijd met de hand gekleurd. Afm. (plaatafdruk): 33 x 20.5 cm (lijst: 46,5 x 34 cm).</p>
<p>In de tweede helft van de achttiende eeuw kende Frankrijk een bloei van publicaties over natuurlijke historie. Na de troonsbestijging van <a href="https://nl.wikipedia.org/wiki/Lodewijk_XVI_van_Frankrijk" target="_blank" rel="noopener">Lodewijk XVI</a> in 1774 werd de regelgeving rond de handel in boeken versoepeld, waardoor het voor auteurs gemakkelijker werd om hun eigen werk uit te geven. Dat deed ook <a href="https://en.wikipedia.org/wiki/Pierre-Joseph_Buc%27hoz" target="_blank" rel="noopener">Pierre-Joseph Buch’oz</a> (1731-1807), een Franse arts, jurist en natuuronderzoeker. (We zien zijn kennis van de botanie, maar hij had ook interesse in de behandeling van melancholie en adviseerde daarvoor muziek als therapie.)</p>
<p>De werken van Buch&#8217;oz staan bekend om de fraaie illustraties en zijn zeldzaam vanwege de beperkte oplage. De platen werden in afleveringen uitgegeven en werden soms tot een boek samengebonden.</p>
<p>Prijs: Euro 950,- (incl. lijst)</p>

<p>Tulp &#8211; &#8220;La Flamande&#8221; (plaat X), kopergravure vervaardigd door Pierre Joseph Buch’oz voor diens &#8220;Collection coloriée des plus belles variétés de Tulipes qu&#8217;on cultive dans les Jardins des Fleuristes d’Harlem&#8221; [Gekleurde collectie van de mooiste variëteiten tulpen die worden gekweekt in de tuinen van bloemisten te Haarlem], uitgegeven tussen 1781-1797. In de tijd met de [&#8230;]

<!-- This site is optimized with the Yoast SEO plugin v27.5 - https://yoast.com/product/yoast-seo-wordpress/ -->
<title>Tulp - Pierre Joseph Buch’oz, 1781-1797 - Inter Antiquariaat Mefferdt &amp; De Jonge</title>
<meta name="robots" content="noindex, follow, max-snippet:-1, max-image-preview:large, max-video-preview:-1" />
<meta property="og:locale" content="nl_NL" />
<meta property="og:type" content="article" />
<meta property="og:title" content="Tulp - Pierre Joseph Buch’oz, 1781-1797 - Inter Antiquariaat Mefferdt &amp; De Jonge" />
<meta property="og:description" content="Tulp &#8211; &#8220;La Flamande&#8221; (plaat X), kopergravure vervaardigd door Pierre Joseph Buch’oz voor diens &#8220;Collection coloriée des plus belles variétés de Tulipes qu&#8217;on cultive dans les Jardins des Fleuristes d’Harlem&#8221; [Gekleurde collectie van de mooiste variëteiten tulpen die worden gekweekt in de tuinen van bloemisten te Haarlem], uitgegeven tussen 1781-1797. In de tijd met de [...]" />
<meta property="og:url" content="https://inter-antiquariaat.nl/nl-oud/antiek/niet-gecategoriseerd/tulp-la-flamande-pierre-joseph-buchoz-1781-1797/" />
<meta property="og:site_name" content="Inter Antiquariaat Mefferdt &amp; De Jonge" />
<meta property="article:modified_time" content="2025-02-27T10:45:21+00:00" />
<meta name="twitter:card" content="summary_large_image" />
<meta name="twitter:label1" content="Geschatte leestijd" />
	<meta name="twitter:data1" content="1 minuut" />
<script type="application/ld+json" class="yoast-schema-graph">{"@context":"https:\/\/schema.org","@graph":[{"@type":"WebPage","@id":"https:\/\/inter-antiquariaat.nl\/nl-oud\/antiek\/niet-gecategoriseerd\/tulp-la-flamande-pierre-joseph-buchoz-1781-1797\/","url":"https:\/\/inter-antiquariaat.nl\/nl-oud\/antiek\/niet-gecategoriseerd\/tulp-la-flamande-pierre-joseph-buchoz-1781-1797\/","name":"Tulp - Pierre Joseph Buch’oz, 1781-1797 - Inter Antiquariaat Mefferdt &amp; De Jonge","isPartOf":{"@id":"https:\/\/inter-antiquariaat.nl\/nl-oud\/#website"},"datePublished":"2025-02-27T10:42:22+00:00","dateModified":"2025-02-27T10:45:21+00:00","breadcrumb":{"@id":"https:\/\/inter-antiquariaat.nl\/nl-oud\/antiek\/niet-gecategoriseerd\/tulp-la-flamande-pierre-joseph-buchoz-1781-1797\/#breadcrumb"},"inLanguage":"nl-NL","potentialAction":[{"@type":"ReadAction","target":["https:\/\/inter-antiquariaat.nl\/nl-oud\/antiek\/niet-gecategoriseerd\/tulp-la-flamande-pierre-joseph-buchoz-1781-1797\/"]}]},{"@type":"BreadcrumbList","@id":"https:\/\/inter-antiquariaat.nl\/nl-oud\/antiek\/niet-gecategoriseerd\/tulp-la-flamande-pierre-joseph-buchoz-1781-1797\/#breadcrumb","itemListElement":[{"@type":"ListItem","position":1,"name":"Home","item":"https:\/\/inter-antiquariaat.nl\/nl-oud\/"},{"@type":"ListItem","position":2,"name":"Antieke kaarten, prenten en tekeningen","item":"https:\/\/inter-antiquariaat.nl\/nl-oud\/antiek\/"},{"@type":"ListItem","position":3,"name":"Tulp &#8211; Pierre Joseph Buch’oz, 1781-1797"}]},{"@type":"WebSite","@id":"https:\/\/inter-antiquariaat.nl\/nl-oud\/#website","url":"https:\/\/inter-antiquariaat.nl\/nl-oud\/","name":"Inter Antiquariaat Mefferdt &amp; De Jonge","description":"Antieke kaarten, prenten en tekeningen","potentialAction":[{"@type":"SearchAction","target":{"@type":"EntryPoint","urlTemplate":"https:\/\/inter-antiquariaat.nl\/nl-oud\/?s={search_term_string}"},"query-input":{"@type":"PropertyValueSpecification","valueRequired":true,"valueName":"search_term_string"}}],"inLanguage":"nl-NL"}]}</script>
<!-- / Yoast SEO plugin. -->

Tulp &#8211; &#8220;La Flamande&#8221; (plaat X), kopergravure vervaardigd door Pierre Joseph Buch’oz voor diens &#8220;Collection coloriée des plus belles variétés de Tulipes qu&#8217;on cultive dans les Jardins des Fleuristes d’Harlem&#8221; [Gekleurde collectie van de mooiste variëteiten tulpen die worden gekweekt in de tuinen van bloemisten te Haarlem], uitgegeven tussen 1781-1797. In de tijd met de [...]
